{"id":68,"date":"2023-07-05T08:53:22","date_gmt":"2023-07-05T08:53:22","guid":{"rendered":"https:\/\/ceevet.eu\/italian\/?page_id=68"},"modified":"2024-01-05T14:24:25","modified_gmt":"2024-01-05T14:24:25","slug":"pensiero-etico-e-sostenibile","status":"publish","type":"page","link":"https:\/\/ceevet.eu\/italian\/pensiero-etico-e-sostenibile\/","title":{"rendered":"Pensiero etico e sostenibile"},"content":{"rendered":"\n<p><strong>DEFINIZIONE<\/strong><\/p>\n\n\n\n<p>Le competenze green comprendono conoscenze, competenze e abilit\u00e0 tecniche che consentono l&#8217;uso efficace di tecnologie e processi green in contesti professionali. Attingono a una serie di conoscenze, valori e atteggiamenti per facilitare un processo decisionale sostenibile dal punto di vista ambientale, sia sul lavoro che nella vita.<\/p>\n\n\n\n<p>Ci\u00f2 include capacit\u00e0 tecniche per implementare efficacemente tecnologie e processi green che migliorino l&#8217;efficienza delle risorse e riducano gli impatti ecologici negativi. Inoltre, le competenze green coinvolgono competenze trasversali come il pensiero sistemico, la pianificazione previsionale e la gestione del cambiamento per guidare decisioni e comportamenti in linea con i valori della sostenibilit\u00e0.<\/p>\n\n\n\n<p>Secondo <a href=\"https:\/\/www.ilo.org\/global\/topics\/green-jobs\/publications\/just-transition-pb\/WCMS_860617\/lang--en\/index.htm\" target=\"_blank\" rel=\"noreferrer noopener\"><strong>l&#8217;ILO,<\/strong><\/a> 100 milioni di posti di lavoro possono essere creati attraverso la transizione verso fonti energetiche sostenibili e uno scenario di economia circolare. Tuttavia, si prevede che alcuni posti di lavoro esistenti diventeranno obsoleti ed \u00e8 improbabile che i benefici della transizione siano distribuiti geograficamente o demograficamente a meno che ai giovani non vengano forniti i necessari sistemi di formazione e sostegno.<\/p>\n\n\n\n<p>A livello organizzativo, i lavoratori qualificati nel settore ambientale promuovono l&#8217;adozione di pratiche che riducono al minimo l&#8217;impatto ambientale, conservano le risorse naturali e costruiscono la resilienza delle comunit\u00e0 locali. La loro esperienza accelera in modo cruciale le trasformazioni della sostenibilit\u00e0 all&#8217;interno delle aziende e delle catene di approvvigionamento globali. A livello individuale, le persone competenti in settori che vanno dalle energie rinnovabili al consumo etico fanno scelte di vita, riducendo l&#8217;impronta di carbonio personale e promuovendo uno stile di vita green.<\/p>\n\n\n\n<p>In sostanza, le competenze green sbloccano il capitale umano necessario per la transizione delle societ\u00e0 verso un accesso equo alle risorse e la rigenerazione degli ecosistemi per le generazioni attuali e future.<\/p>\n\n\n\n<p><strong>OBIETTIVI<\/strong><\/p>\n\n\n\n<ul>\n<li>Definire la sostenibilit\u00e0 e l&#8217;imprenditorialit\u00e0 green<\/li>\n\n\n\n<li>Definire le competenze green nell&#8217;ambito del quadro delle competenze in materia di sostenibilit\u00e0<\/li>\n\n\n\n<li>Discutere l&#8217;importanza e la domanda di competenze green.<\/li>\n\n\n\n<li>Spiegare i tipi di competenze che possono essere classificate come \u00abcompetenze green\u00bb.<\/li>\n<\/ul>\n\n\n\n<p><strong>CONTENUTO<\/strong><\/p>\n\n\n\n<p><strong>In che modo le aziende possono essere sostenibili?<\/strong><\/p>\n\n\n\n<p>Le aziende sostenibili bilanciano obiettivi finanziari, sociali e ambientali piuttosto che sfruttare le risorse a scopo di lucro. Gli imprenditori green costruiscono modelli attenti agli impatti ambientali e alla creazione di valore sociale attraverso l&#8217;occupazione, lo sviluppo della comunit\u00e0 e l&#8217;arricchimento culturale. Identificano soluzioni innovative che mantengono la redditivit\u00e0 economica, promuovendo al contempo la rigenerazione ecologica e la giustizia sociale.<\/p>\n\n\n\n<p>L&#8217;economia circolare esemplifica questo ethos orientato ai sistemi attraverso il risparmio energetico, il riciclaggio e la riutilizzabilit\u00e0. Molti governi ora danno la priorit\u00e0 all&#8217;imprenditoria green per la sua promessa economica e ambientale. Tuttavia, per attuare un cambiamento duraturo \u00e8 necessaria una conoscenza approfondita delle sfide della sostenibilit\u00e0 e degli spazi di soluzione emergenti.<\/p>\n\n\n\n<p>I tratti distintivi dell&#8217;impresa green orientata all&#8217;impatto includono retribuzione e benefit equi, l&#8217;assunzione di gruppi emarginati, la fornitura di beni e servizi ecologici e locali e l&#8217;aiuto alle comunit\u00e0 per ridurre l&#8217;impronta ecologica. Le energie rinnovabili, l&#8217;edilizia green, il turismo sostenibile, la vendita al dettaglio, l&#8217;agricoltura eco-consapevoli e il trasporto elettrico rappresentano settori particolarmente maturi. Nel complesso, l&#8217;imprenditorialit\u00e0 green incanala l&#8217;acume per gli affari, l&#8217;innovazione tecnologica e la creativit\u00e0 umana verso la costruzione di economie fiorenti e resilienti in armonia con la natura e tutte le persone.<\/p>\n\n\n\n<p><strong>Competenze in materia di sostenibilit\u00e0<\/strong><\/p>\n\n\n\n<p>Le competenze in materia di sostenibilit\u00e0 implicano l&#8217;applicazione di conoscenze multidisciplinari per risolvere efficacemente i problemi e capitalizzare le opportunit\u00e0 rilevanti per lo sviluppo sostenibile. Ad esempio, la comprensione del ciclo globale dell&#8217;acqua da sola non \u00e8 sufficiente; bisogna essere in grado di valutare come i modelli di consumo si intersecano con la sicurezza idrica per ideare soluzioni integrate ed etiche.<\/p>\n\n\n\n<p><a href=\"https:\/\/joint-research-centre.ec.europa.eu\/greencomp-european-sustainability-competence-framework_en\" target=\"_blank\" rel=\"noreferrer noopener\"><strong>Le competenze chiave in materia di sostenibilit\u00e0<\/strong><\/a> integrano le competenze specialistiche necessarie per analizzare sfide complesse mediante il pensiero critico, la creativit\u00e0, la consapevolezza, l&#8217;orientamento ai sistemi e le capacit\u00e0 di gestione del cambiamento, essenziali per elaborare decisioni sagge e interventi di impatto.<\/p>\n\n\n\n<p>Chi possiede tali competenze \u00e8 in grado di tradurre i concetti di sostenibilit\u00e0 in piani d&#8217;azione pragmatici e politiche adatte al contesto e agli stakeholder coinvolti. Piuttosto che limitarsi ad aumentare la consapevolezza di questioni come la disuguaglianza, il cambiamento climatico o la perdita di biodiversit\u00e0, la competenza coltiva l&#8217;intuizione e l&#8217;acume di leadership per affrontare pratiche non sostenibili e integrare soluzioni eco-compatibili.<\/p>\n\n\n\n<p><strong>Cosa sono i Green Jobs?<\/strong><\/p>\n\n\n\n<p>I lavori green si riferiscono all&#8217;occupazione in vari settori e sono volti attivamente a preservare e ripristinare in modo sostenibile la salute dei sistemi ambientali. Questi lavori possono far parte di settori convenzionali, come l&#8217;industria manifatturiera, o di domini emergenti come le energie rinnovabili. Ma collettivamente promuovono pratiche e comportamenti che riducono responsabilmente al minimo l&#8217;impronta ecologica.<\/p>\n\n\n\n<p>Il <a href=\"https:\/\/economicgraph.linkedin.com\/research\/global-green-skills-report\" target=\"_blank\" rel=\"noreferrer noopener\"><strong>Global Green Skills Report<\/strong><\/a> di LinkedIn ha rilevato che le competenze in materia di contabilit\u00e0 del carbonio, &nbsp;crediti di carbonio, scambio di emissioni, valutazione dell&#8217;impatto e rendicontazione della sostenibilit\u00e0 sono attualmente tra le competenze verdi in pi\u00f9 rapida crescita negli Stati Uniti. Il rapporto ha rilevato che la concentrazione di \u00abtalenti green\u00bb nella forza lavoro \u2013 coloro che svolgono un lavoro green o elencano almeno una competenza green nel proprio profilo LinkedIn \u2013 sta crescendo in ognuno dei 48 paesi inclusi nello studio.<\/p>\n\n\n\n<p>Secondo Efrem Bycer, Public Policy Manager di LinkedIn, possedere competenze green pu\u00f2 aiutare i lavoratori in qualsiasi campo, non solo quelli direttamente collegati al cambiamento climatico. Sulla base dei dati, Bycer ritiene che il settore finanziario sar\u00e0 quello in cui le competenze green saranno pi\u00f9 richieste.<\/p>\n\n\n\n<p><strong>Alcuni ruoli chiave che possono rendere i lavori tradizionali \u00abpi\u00f9 green\u00bb includono:<\/strong><\/p>\n\n\n\n<ul>\n<li>Promuovere il miglioramento dell&#8217;efficienza energetica e l&#8217;uso oculato delle materie prime<\/li>\n\n\n\n<li>Ridurre le emissioni di gas serra attraverso strategie di mitigazione e tecnologie carbon neutral<\/li>\n\n\n\n<li>Ridurre significativamente i livelli di rifiuti e inquinamento attraverso il principio di ridurre, riutilizzare e riciclare<\/li>\n\n\n\n<li>Proteggere e risanare gli ecosistemi e la biodiversit\u00e0 danneggiati<\/li>\n\n\n\n<li>Costruire la resilienza per affrontare gli impatti dei cambiamenti climatici<\/li>\n<\/ul>\n\n\n\n<p>A livello organizzativo, i lavori eco-compatibili possono creare offerte come infrastrutture green e trasporti pi\u00f9 puliti a beneficio dell&#8217;ambiente. Tuttavia, i beni e i servizi all&#8217;avanguardia dal punto di vista ambientale potrebbero non sempre riflettere processi di produzione sostenibili.<\/p>\n\n\n\n<p>Pertanto, i lavori green sono definiti anche dalla loro capacit\u00e0 di rendere pi\u00f9 ecologici gli aspetti operativi riducendo il consumo di acqua o migliorando i sistemi di riciclaggio. Tuttavia, i lavori green incentrati sui processi potrebbero non portare necessariamente a prodotti finali vantaggiosi per l&#8217;ambiente. L&#8217;essenza sta nell&#8217;applicare in modo olistico l&#8217;etica della conservazione ambientale in tutte le funzioni lavorative.<\/p>\n\n\n\n<p>L&#8217;obiettivo finale \u00e8 quello di fornire alle generazioni presenti e future gli strumenti per affrontare problemi difficili, sbloccando al contempo l&#8217;innovazione per la prosperit\u00e0 umana e ambientale.<\/p>\n\n\n\n<div class=\"wp-block-group is-layout-constrained\"><div class=\"wp-block-group__inner-container\">\n<div class=\"wp-block-columns is-layout-flex wp-container-2\">\n<div class=\"wp-block-column is-layout-flow\">\n<p><strong>PRESENTAZIONE<\/strong><\/p>\n\n\n\n<figure class=\"wp-block-image size-large\"><a href=\"http:\/\/ceevet.eu\/italian\/wp-content\/uploads\/2024\/01\/Pensiero-etico-e-sostenibile.mp4\" target=\"_blank\" rel=\"noreferrer noopener\"><img decoding=\"async\" loading=\"lazy\" width=\"1024\" height=\"576\" src=\"https:\/\/ceevet.eu\/italian\/wp-content\/uploads\/2024\/01\/Pensiero-etico-e-sostenibile_cover-1024x576.jpg\" alt=\"\" class=\"wp-image-97\" srcset=\"https:\/\/ceevet.eu\/italian\/wp-content\/uploads\/2024\/01\/Pensiero-etico-e-sostenibile_cover-1024x576.jpg 1024w, https:\/\/ceevet.eu\/italian\/wp-content\/uploads\/2024\/01\/Pensiero-etico-e-sostenibile_cover-300x169.jpg 300w, https:\/\/ceevet.eu\/italian\/wp-content\/uploads\/2024\/01\/Pensiero-etico-e-sostenibile_cover-768x432.jpg 768w, https:\/\/ceevet.eu\/italian\/wp-content\/uploads\/2024\/01\/Pensiero-etico-e-sostenibile_cover-1536x864.jpg 1536w, https:\/\/ceevet.eu\/italian\/wp-content\/uploads\/2024\/01\/Pensiero-etico-e-sostenibile_cover.jpg 1920w\" sizes=\"(max-width: 1024px) 100vw, 1024px\" \/><\/a><\/figure>\n\n\n\n<p><strong><a href=\"http:\/\/ceevet.eu\/italian\/wp-content\/uploads\/2024\/01\/Pensiero-etico-e-sostenibile.pdf\" data-type=\"URL\" data-id=\"http:\/\/ceevet.eu\/italian\/wp-content\/uploads\/2024\/01\/Pensiero-etico-e-sostenibile.pdf\" target=\"_blank\" rel=\"noreferrer noopener\">Pensiero etico e sostenibile<\/a><\/strong><\/p>\n<\/div>\n<\/div>\n<\/div><\/div>\n\n\n\n<div style=\"height:30px\" aria-hidden=\"true\" class=\"wp-block-spacer\"><\/div>\n\n\n\n<div class=\"wp-block-columns is-layout-flex wp-container-6\">\n<div class=\"wp-block-column is-layout-flow\">\n<p><strong>ESERCIZI E GIOCHI DI RUOLO<\/strong><\/p>\n\n\n\n<p>Questo workshop interattivo guida i partecipanti attraverso il processo di concettualizzazione e progettazione della propria startup imprenditoriale ecosostenibile. Lavorando in piccoli team, i partecipanti faranno un brainstorming di idee per un prodotto o un servizio ecologico, ricercheranno il potenziale di mercato e svilupperanno un business plan di base che includa branding, materiali di marketing, operazioni e dati finanziari.<\/p>\n\n\n\n<p><strong>link all&#8217;attivit\u00e0: <\/strong><br><strong><a href=\"http:\/\/ceevet.eu\/italian\/wp-content\/uploads\/2024\/01\/Sviluppo-di-una-start-up-green.pdf\" data-type=\"URL\" data-id=\"http:\/\/ceevet.eu\/italian\/wp-content\/uploads\/2024\/01\/Sviluppo-di-una-start-up-green.pdf\" target=\"_blank\" rel=\"noreferrer noopener\">Sviluppo di una start up green<\/a><\/strong><\/p>\n<\/div>\n\n\n\n<div class=\"wp-block-column is-layout-flow\">\n<figure class=\"wp-block-image size-full is-resized\"><a href=\"http:\/\/ceevet.eu\/italian\/wp-content\/uploads\/2024\/01\/Sviluppo-di-una-start-up-green.pdf\" target=\"_blank\" rel=\"noreferrer noopener\"><img decoding=\"async\" loading=\"lazy\" src=\"https:\/\/ceevet.eu\/italian\/wp-content\/uploads\/2024\/01\/Developing-Green-Startups-Activity_cover.jpg\" alt=\"\" class=\"wp-image-99\" width=\"311\" height=\"439\" srcset=\"https:\/\/ceevet.eu\/italian\/wp-content\/uploads\/2024\/01\/Developing-Green-Startups-Activity_cover.jpg 1243w, https:\/\/ceevet.eu\/italian\/wp-content\/uploads\/2024\/01\/Developing-Green-Startups-Activity_cover-212x300.jpg 212w, https:\/\/ceevet.eu\/italian\/wp-content\/uploads\/2024\/01\/Developing-Green-Startups-Activity_cover-725x1024.jpg 725w, https:\/\/ceevet.eu\/italian\/wp-content\/uploads\/2024\/01\/Developing-Green-Startups-Activity_cover-768x1084.jpg 768w, https:\/\/ceevet.eu\/italian\/wp-content\/uploads\/2024\/01\/Developing-Green-Startups-Activity_cover-1088x1536.jpg 1088w\" sizes=\"(max-width: 311px) 100vw, 311px\" \/><\/a><\/figure>\n<\/div>\n<\/div>\n\n\n\n<div style=\"height:30px\" aria-hidden=\"true\" class=\"wp-block-spacer\"><\/div>\n\n\n\n<div class=\"wp-block-columns is-layout-flex wp-container-8\">\n<div class=\"wp-block-column is-layout-flow\">\n<p><strong>VIDEO<\/strong><\/p>\n\n\n\n<p><a href=\"https:\/\/youtu.be\/bCB7rimjwf4?si=6CFonRj5WdLfamw0\" data-type=\"URL\" data-id=\"https:\/\/youtu.be\/bCB7rimjwf4?si=6CFonRj5WdLfamw0\" target=\"_blank\" rel=\"noreferrer noopener\">COSA SONO LE COMPETENZE GREEN<\/a><\/p>\n\n\n\n<figure class=\"wp-block-image size-large\"><a href=\"https:\/\/youtu.be\/bCB7rimjwf4?si=6CFonRj5WdLfamw0\" target=\"_blank\" rel=\"noreferrer noopener\"><img decoding=\"async\" loading=\"lazy\" width=\"1024\" height=\"565\" src=\"https:\/\/ceevet.eu\/italian\/wp-content\/uploads\/2024\/01\/cosa-sono-le-competenze-gree_cover-1024x565.png\" alt=\"\" class=\"wp-image-107\" srcset=\"https:\/\/ceevet.eu\/italian\/wp-content\/uploads\/2024\/01\/cosa-sono-le-competenze-gree_cover-1024x565.png 1024w, https:\/\/ceevet.eu\/italian\/wp-content\/uploads\/2024\/01\/cosa-sono-le-competenze-gree_cover-300x166.png 300w, https:\/\/ceevet.eu\/italian\/wp-content\/uploads\/2024\/01\/cosa-sono-le-competenze-gree_cover-768x424.png 768w, https:\/\/ceevet.eu\/italian\/wp-content\/uploads\/2024\/01\/cosa-sono-le-competenze-gree_cover.png 1247w\" sizes=\"(max-width: 1024px) 100vw, 1024px\" \/><\/a><\/figure>\n<\/div>\n<\/div>\n\n\n\n<div style=\"height:30px\" aria-hidden=\"true\" class=\"wp-block-spacer\"><\/div>\n\n\n\n<p><strong>QUAL \u00c8 LA TRIPLE BOTTOM LINE?<\/strong><\/p>\n\n\n\n<p>La triple bottom line \u00e8 un concetto di business che afferma che le aziende dovrebbero impegnarsi a misurare il loro impatto sociale e ambientale, oltre alle loro prestazioni finanziarie, piuttosto che concentrarsi esclusivamente sulla generazione di profitti o sulla \u00ablinea di fondo\u00bb standard.<\/p>\n\n\n\n<div style=\"height:30px\" aria-hidden=\"true\" class=\"wp-block-spacer\"><\/div>\n\n\n\n<p><strong>GIOCHI<\/strong><\/p>\n\n\n\n<p><strong>Puzzle su SOSTENIBILITA&#8217; E COMPETENZE GREEN<\/strong><br>Link all&#8217;attivit\u00e0: <a href=\"http:\/\/ceevet.eu\/italian\/wp-content\/uploads\/2024\/01\/Sostenibilita-e-competenze-green_puzzle.pdf\" data-type=\"URL\" data-id=\"http:\/\/ceevet.eu\/italian\/wp-content\/uploads\/2024\/01\/Sostenibilita-e-competenze-green_puzzle.pdf\">Sostenibilita e competenze green puzzle<\/a><\/p>\n\n\n\n<p><strong>Gioco di ruolo: PROCESSO DECISIONALE ETICO<\/strong><br>Il gioco di ruolo pu\u00f2 essere uno strumento di apprendimento potente ed efficace che aiuta le persone a comprendere meglio un argomento in vari modi. Promuove l&#8217;impegno attivo, l&#8217;empatia, il pensiero critico, la comunicazione e l&#8217;applicazione pratica della conoscenza. Esplorando gli argomenti attraverso il gioco di ruolo, gli studenti possono approfondire la loro comprensione e sviluppare una gamma pi\u00f9 ampia di abilit\u00e0 che si estendono oltre le conoscenze teoriche.<br>Link all&#8217;attivit\u00e0: <strong><a href=\"http:\/\/ceevet.eu\/italian\/wp-content\/uploads\/2024\/01\/ROLE-PLAY_PROCESSO-DECISIONALE-ETICO.pdf\" data-type=\"URL\" data-id=\"http:\/\/ceevet.eu\/italian\/wp-content\/uploads\/2024\/01\/ROLE-PLAY_PROCESSO-DECISIONALE-ETICO.pdf\" target=\"_blank\" rel=\"noreferrer noopener\">processo decisionale etico<\/a><\/strong><\/p>\n\n\n\n<div style=\"height:30px\" aria-hidden=\"true\" class=\"wp-block-spacer\"><\/div>\n\n\n\n<p><strong>VIDEO<\/strong><\/p>\n\n\n\n<p><strong>PENSIERO ETICO E SOSTENIBILE<\/strong><\/p>\n\n\n\n<figure class=\"wp-block-image size-large\"><a href=\"https:\/\/www.youtube.com\/watch?v=jPU8AkhqPnY\" target=\"_blank\" rel=\"noreferrer noopener\"><img decoding=\"async\" loading=\"lazy\" width=\"1024\" height=\"576\" src=\"https:\/\/ceevet.eu\/italian\/wp-content\/uploads\/2024\/01\/Pensiero-etico-e-sostenibile_cover-video-1024x576.jpg\" alt=\"\" class=\"wp-image-114\" srcset=\"https:\/\/ceevet.eu\/italian\/wp-content\/uploads\/2024\/01\/Pensiero-etico-e-sostenibile_cover-video-1024x576.jpg 1024w, https:\/\/ceevet.eu\/italian\/wp-content\/uploads\/2024\/01\/Pensiero-etico-e-sostenibile_cover-video-300x169.jpg 300w, https:\/\/ceevet.eu\/italian\/wp-content\/uploads\/2024\/01\/Pensiero-etico-e-sostenibile_cover-video-768x432.jpg 768w, https:\/\/ceevet.eu\/italian\/wp-content\/uploads\/2024\/01\/Pensiero-etico-e-sostenibile_cover-video-1536x864.jpg 1536w, https:\/\/ceevet.eu\/italian\/wp-content\/uploads\/2024\/01\/Pensiero-etico-e-sostenibile_cover-video-2048x1152.jpg 2048w\" sizes=\"(max-width: 1024px) 100vw, 1024px\" \/><\/a><\/figure>\n\n\n\n<div style=\"height:10px\" aria-hidden=\"true\" class=\"wp-block-spacer\"><\/div>\n\n\n\n<p> <a rel=\"noreferrer noopener\" href=\"https:\/\/www.youtube.com\/watch?v=jPU8AkhqPnY\" target=\"_blank\"><strong>4. Ethical and Sustainable Thinking &#8211; eSMART Project (PR2)<\/strong><\/a><\/p>\n\n\n\n<p class=\"has-small-font-size\">In questo video, verr\u00e0 introdotto il tema del pensiero etico e sostenibile e verr\u00e0 imparata l&#8217;importanza del pensiero etico e sostenibile nel mondo degli affari.<br>La creazione di un ambiente aziendale sostenibile pu\u00f2 migliorare il marchio. Ma \u00e8 anche un diritto morale non solo per la popolazione umana attuale, ma anche per le generazioni future.<br>L&#8217;etica aziendale consiste nel fare ci\u00f2 che \u00e8 moralmente giusto. Un&#8217;azienda etica implica essere equa nei confronti dei propri datori di lavoro, fornitori, clienti e ambiente.<br>E cosa pu\u00f2 fare un&#8217;azienda per essere pi\u00f9 etica e sostenibile?<br>Prendiamo decisioni etiche nel campo della societ\u00e0, dell&#8217;ambiente e dei profitti.<br>Un&#8217;azienda deve prendersi cura dei propri dipendenti, trattarli bene.<br>Il posto di lavoro deve essere sicuro, prendersi cura della loro salute e del loro benessere e, naturalmente, pagare loro un salario equo e bonus o incentivi in base alle esigenze dell&#8217;azienda.<br>Quando le aziende fanno questo genere di cose non \u00e8 per legge \u00e8 perch\u00e9 vogliono essere pi\u00f9 etiche.<br>Un dipendente felice \u00e8 pi\u00f9 produttivo. Quindi, il fornitore deve essere pagato prezzi equi.<br>Il logo del commercio equo e solidale mostrato in alcuni prodotti di imballaggio indica che i fornitori vengono pagati un prezzo equo ed \u00e8 anche un&#8217;indicazione che un&#8217;azienda si sta comportando eticamente con i fornitori.<br>Alcune aziende si assicurano di acquisire dai loro fornitori l&#8217;approvvigionamento etico del materiale. Ci\u00f2 implica che non hanno a che fare con fornitori che testano i loro prodotti sugli animali o consentono ai bambini di lavorare nella produzione.<br>La sostenibilit\u00e0 ambientale \u00e8 fondamentale al giorno d&#8217;oggi. Ci sono molte cose che un&#8217;azienda pu\u00f2 fare per essere sostenibile dal punto di vista ambientale, ad esempio; evitare l&#8217;uso di plastica o carta digitalizzando alcuni processi del riciclo aziendale, energie alternative.<br>L&#8217;economia circolare \u00e8 un modello di produzione e consumo, che comporta la condivisione, il leasing, il riutilizzo, la riparazione, la ristrutturazione e il riciclaggio di materiali e per i prodotti una durata il pi\u00f9 a lungo possibile. In questo modo, il ciclo di vita dei prodotti viene esteso.<br>Una buona pratica che riduce gli sprechi e implica sostenibilit\u00e0 economica, ambientale e sociale.<\/p>\n\n\n\n<div style=\"height:30px\" aria-hidden=\"true\" class=\"wp-block-spacer\"><\/div>\n\n\n\n<p><strong>QUIZ<\/strong> <\/p>\n\n\n\n<p><strong>Quiz sul Pensiero etico e sostenibile<\/strong><\/p>\n\n\n<a href='https:\/\/ceevet.eu\/italian\/qsm_quiz\/quiz-sul-pensiero-etico-e-sostenibile\/' class=''>Click here<\/a>\n\n\n\n<div style=\"height:30px\" aria-hidden=\"true\" class=\"wp-block-spacer\"><\/div>\n\n\n\n<p><strong>ARTICOLI<\/strong><br><a rel=\"noreferrer noopener\" href=\"https:\/\/www.forbes.com\/sites\/markcperna\/2023\/09\/21\/demand-for-green-skills-outpacing-what-the-workforce-can-deliver-but-theres-hope\/?sh=67a0ee6f5f24\" target=\"_blank\">https:\/\/www.forbes.com\/sites\/markcperna\/2023\/09\/21\/demand-for-green-skills-outpacing-what-the-workforce-can-deliver-but-theres-hope\/?sh=67a0ee6f5f24<\/a><br><a rel=\"noreferrer noopener\" href=\"https:\/\/iopscience.iop.org\/article\/10.1088\/1742-6596\/1019\/1\/012030\/pdf\" target=\"_blank\">https:\/\/iopscience.iop.org\/article\/10.1088\/1742-6596\/1019\/1\/012030\/pdf<\/a><br><a rel=\"noreferrer noopener\" href=\"https:\/\/www.forbes.com\/sites\/markcperna\/2023\/09\/21\/demand-for-green-skills-outpacing-what-the-workforce-can-deliver-but-theres-hope\/?sh=67a0ee6f5f24\" target=\"_blank\">Laker, D.R., &amp; Powell, J.L. (2011). The differences between hard and soft skills and their relative impact on training transfer. Human Resource Development Quarterly<\/a><br><a href=\"https:\/\/www.forbes.com\/sites\/markcperna\/2023\/09\/21\/demand-for-green-skills-outpacing-what-the-workforce-can-deliver-but-theres-hope\/?sh=67a0ee6f5f24\">https:\/\/www.forbes.com\/sites\/markcperna\/2023\/09\/21\/demand-for-green-skills-outpacing-what-the-workforce-can-deliver-but-theres-hope\/?sh=67a0ee6f5f24<\/a><\/p>\n\n\n\n<p><strong>LIBRI<\/strong><br><a rel=\"noreferrer noopener\" href=\"https:\/\/library.oapen.org\/viewer\/web\/viewer.html?file=\/bitstream\/handle\/20.500.12657\/57945\/978-981-19-2072-1.pdf?sequence=1&amp;isAllowed=y\" target=\"_blank\">https:\/\/library.oapen.org\/viewer\/web\/viewer.html?file=\/bitstream\/handle\/20.500.12657\/57945\/978-981-19-2072-1.pdf?sequence=1&amp;isAllowed=y<\/a><\/p>\n\n\n\n<p><strong>SITI<\/strong><br><a rel=\"noreferrer noopener\" href=\"https:\/\/online.hbs.edu\/blog\/post\/what-is-sustainability-in-business\" target=\"_blank\">https:\/\/online.hbs.edu\/blog\/post\/what-is-sustainability-in-business<\/a><br><a rel=\"noreferrer noopener\" href=\"https:\/\/unfccc.int\/news\/why-are-green-skills-important-for-youth\" target=\"_blank\">https:\/\/unfccc.int\/news\/why-are-green-skills-important-for-youth<\/a><\/p>\n","protected":false},"excerpt":{"rendered":"<p>DEFINIZIONE Le competenze green comprendono conoscenze, competenze e abilit\u00e0 tecniche che consentono l&#8217;uso efficace di tecnologie e processi green in contesti professionali. Attingono a una serie di conoscenze, valori e atteggiamenti per facilitare un processo decisionale sostenibile dal punto di vista ambientale, sia sul lavoro che nella vita. Ci\u00f2 include capacit\u00e0 tecniche per implementare efficacemente [&hellip;]<\/p>\n","protected":false},"author":1,"featured_media":0,"parent":0,"menu_order":0,"comment_status":"closed","ping_status":"closed","template":"template-full-width.php","meta":[],"_links":{"self":[{"href":"https:\/\/ceevet.eu\/italian\/wp-json\/wp\/v2\/pages\/68"}],"collection":[{"href":"https:\/\/ceevet.eu\/italian\/wp-json\/wp\/v2\/pages"}],"about":[{"href":"https:\/\/ceevet.eu\/italian\/wp-json\/wp\/v2\/types\/page"}],"author":[{"embeddable":true,"href":"https:\/\/ceevet.eu\/italian\/wp-json\/wp\/v2\/users\/1"}],"replies":[{"embeddable":true,"href":"https:\/\/ceevet.eu\/italian\/wp-json\/wp\/v2\/comments?post=68"}],"version-history":[{"count":19,"href":"https:\/\/ceevet.eu\/italian\/wp-json\/wp\/v2\/pages\/68\/revisions"}],"predecessor-version":[{"id":165,"href":"https:\/\/ceevet.eu\/italian\/wp-json\/wp\/v2\/pages\/68\/revisions\/165"}],"wp:attachment":[{"href":"https:\/\/ceevet.eu\/italian\/wp-json\/wp\/v2\/media?parent=68"}],"curies":[{"name":"wp","href":"https:\/\/api.w.org\/{rel}","templated":true}]}}